3. What is the remainder when 212 is divided by r?
104
Let y(i) = 2*i - 5*i + 1 - 1 - 4. Let s be y(-2). Suppose -5*k + 23 = w, -s*k - w = 2 - 10. What is the remainder when 17 is divided by k?
2
Let a(d) = 3*d + 12. Let o = 0 - 4. Let t be a(o). Suppose c = 4*w - 0*c - 268, t = 4*w + 4*c - 268. What is the remainder when w is divided by 14?
11
Suppose 0 = 5*v - 290 - 370. Calculate the remainder when v is divided by 7.
6
Suppose 179 = 4*f + 15. What is the remainder when f is divided by (1 - (-8 + 3)) + 8?
13
Let y(o) = 10*o - 152. What is the remainder when y(19) is divided by 3?
2
Let u(m) = 5*m**2 + 6*m - 20. Calculate the remainder when u(3) is divided by 26.
17
Let f(g) = 4*g**2 + g**3 + 4*g**2 - 2*g + 21 - 29. What is the remainder when 23 is divided by f(-8)?
7
Let w = 497 - 479. What is the remainder when 39 is divided by w?
3
Let o(d) = -3*d - 7. Let u be (-3 - -5 - 4) + 4. Suppose s - 212 = -5*y, 0 = 4*y + 3*s + u*s - 157. Calculate the remainder when y is divided by o(-6).
10
Suppose 762 = 6*u + 30. Calculate the remainder when u is divided by 23.
7
What is the remainder when (-96)/120*(1777/(-2) - -1) is divided by 89?
87
Let v(y) = -y**3 - 3*y**2 + 7*y - 14. What is the remainder when v(-8) is divided by 44 + 2/12 + 52/(-24)?
40
Suppose -6*h + 1334 = -418. What is the remainder when h is divided by 21?
19
Let h = 62 + -92. Calculate the remainder when 2/4 - 1065/h is divided by 19.
17
Let s = 10 + -6. Let l(p) = p**2 - 5*p + 1. Suppose 22 = 3*f + 1. Calculate the remainder when l(f) is divided by s.
3
Let v = 453 - 287. Calculate the remainder when v is divided by 24.
22
Let a(u) = -u**3 + 4*u**2 + 5*u - 5. Let k be 171/(2/(-10)*-5). Suppose -8*w = k - 619. Calculate the remainder when w is divided by a(4).
11
Let h(j) = 8*j**2 + j + 27. Let d be h(-4). Let z = d - 148. Let i(s) = -s**3 + 7*s**2 - 4*s - 4. Calculate the remainder when i(6) is divided by z.
2
Let q = -1730 + 1860. What is the remainder when q is divided by 32?
2
Suppose -18*j + 1008 = 3*j. What is the remainder when j is divided by 18?
12
Let s(v) = -14*v - 5. Let g = 461 + -444. Calculate the remainder when s(-5) is divided by g.
14
Suppose 10*a = -532 + 622. Suppose -5*y = -j + 6, 5*j - 2*y = y + 30. What is the remainder when a is divided by j?
3
Calculate the remainder when 68 is divided by 9 - (-40 - -7 - -1).
27
Let q(n) = 4*n**2 + 27*n + 25. What is the remainder when q(-7) is divided by 5?
2
What is the remainder when 147 is divided by (-260)/(-8) + (-3)/(-6)?
15
Suppose 5*y + 4*g = 3*g + 45, 5*g - 33 = -y. Calculate the remainder when 68 is divided by y.
4
Calculate the remainder when 40 is divided by (-4)/18 + 606/54.
7
Let b(o) = 2*o**3. Let v be b(-1). Let g = -1 + 9. Let n = g - v. What is the remainder when n is divided by 3?
1
Let b(y) = y**3 + 11*y**2 + 22*y + 15. What is the remainder when b(-7) is divided by 9?
3
Suppose -82*b + 12*b + 70 = 0. What is the remainder when 61 is divided by b?
0
Suppose 0 = 4*f + 100 + 32. Let j = -24 - f. Calculate the remainder when 33 is divided by j.
6
Calculate the remainder when (-4 - (-5)/(-10))*-26 is divided by 7/(-14)*-20*3.
27
What is the remainder when (-6 + 0)/(-2) + 116 is divided by ((-34)/(-1) + -4)*(-4)/(-5)?
23
Let i(b) = -410*b + 5. Calculate the remainder when i(-1) is divided by 13.
12
Let q = 2 - -2. Suppose -1 = q*p + 15, -a + 9 = -p. Suppose -a*r - 5*h = -r - 243, -r = 4*h - 47. Calculate the remainder when r is divided by 23.
21
Suppose -1250 = -4*f + 5*i - 0*i, -2*f - 3*i = -614. Suppose -7*g + 9*g = f. What is the remainder when g is divided by 39?
38
Let y(b) = 2*b**3 - 5*b**2 + 6*b + 4. Calculate the remainder when 216 is divided by y(3).
30
Let r = 52 + -34. Let g = 41 + -6. What is the remainder when g is divided by r?
17
Let v be 1/(1 + -3 + 1). Let j(g) = -12*g**3 + 2*g + 1. Let p be j(v). Let d(s) = -s**3 + 10*s**2 + 17*s - 6. What is the remainder when d(p) is divided by 16?
12
Calculate the remainder when 2/(-3) + (-5 - (-2744)/12) is divided by 15.
13
Let m = -513 + 534. Suppose x + 81 = 2*x. Calculate the remainder when x is divided by m.
18
Let s(w) = -19*w**2 - 253*w - 9. Calculate the remainder when s(-12) is divided by 21.
18
Let u = 212 + -163. Calculate the remainder when u is divided by 14.
7
Let s be 1/4 - (-280)/32. Let u(q) = q**3 - 9*q**2 + 2*q - 4. Let t be u(s). Suppose -4*p + t = -6. Calculate the remainder when 8 is divided by p.
3
Let j = -615 - -955. Calculate the remainder when j is divided by 31.
30
Suppose -4*c = c - 310. Let h(z) = -16*z**3 + 2*z**2 + 2*z. Suppose 2*t - 1 = 5*l, 3*l - 4*t = 4 + 1. Calculate the remainder when c is divided by h(l).
14
Suppose -260 + 2248 = 7*l. Calculate the remainder when l is divided by 9.
5
Calculate the remainder when 15 is divided by (-174)/(-14) - 68/(-119).
2
Let v(z) = z**3 - 10*z**2 + 7*z + 11. Let w be v(9). Let t be 2/2 - 79/(-1). Let k = w + t. What is the remainder when k is divided by 19?
16
Let q = 75 + -41. Suppose j - q = -23. Calculate the remainder when j is divided by (-11)/(-3) + 2/(-3).
2
Let d = 36 - 26. Suppose -100 = -9*v + 4*v + 5*k, -3*k = 4*v - 87. Calculate the remainder when 7/(87/v - 4) is divided by d.
9
Let o be -1 - 18/(-15) - (-1254)/30. Let w = o + -36. What is the remainder when (-2)/(-2)*-1 + 21 is divided by w?
2
Let f = 10 + -8. Suppose -4*a + 4*q = 96, q = -f*a - 3*q - 18. Calculate the remainder when a/(2/6*-3) is divided by 4.
3
Let b = -474 + 482. What is the remainder when 8 is divided by b?
0
Let m(i) = -i**3 + 60*i**2 - 165*i - 159. Calculate the remainder when m(57) is divided by 24.
15
Suppose u = 13*u - 144. Let n(t) = 6*t**2 - 5*t + 3. What is the remainder when n(3) is divided by u?
6
Calculate the remainder when 211 is divided by -43*(2 - 15/5).
39
Suppose 21*a - 24*a = 4*n - 71, -5*n + 20 = a. What is the remainder when 172 is divided by a?
22
Calculate the remainder when (1 + 5)*((-21)/(-2) - -1) is divided by 16.
5
Suppose -30*b + 25*b + 10 = q, 0 = 2*b. Calculate the remainder when 452 is divided by q.
2
Let j(l) be the second derivative of l**5/20 - 3*l**4/4 + 5*l**3/3 + 6*l**2 + 11*l. What is the remainder when j(9) is divided by 26?
24
Let t = -24 + 14. What is the remainder when 11 is divided by (-60)/t + 1/(-1)?
1
Let l = 14 + 4. Calculate the remainder when l is divided by -3 + 7 + (5 - -1).
8
Let a(m) = m + 1. Let x be a(1). Suppose 4*v - x*f = 100, 5*v - 3*v - 4*f - 38 = 0. Calculate the remainder when v is divided by 11/(33/18) - -4.
7
Let v = 311 - 289. Calculate the remainder when v is divided by 16.
6
Let d be (-1)/1*-1 - 1. Suppose -2*r = -d*r + 42. Calculate the remainder when 28 is divided by (-224)/r - 2/3.
8
Let n(y) = y**2 - 10*y + 29. Let v be n(6). Suppose v*a = 49 - 34. What is the remainder when 0 + (-11)/(-3 + 2) is divided by a?
2
Let k(v) = -43*v + 195. Calculate the remainder when k(-31) is divided by 90.
88
Let p be (99/12)/(-1*1/(-8)). Suppose 2*u + 294 = 5*k, -3*k - 2*u = -2*k - p. What is the remainder when k is divided by 21?
18
Let d(l) = 94*l**2 + l - 1. What is the remainder when d(-1) is divided by 3 - ((-23)/1 - -2)?
20
Suppose -55 = t + 3*y, -3*t = -4*t + 2*y - 35. Let u = 12 - t. What is the remainder when u is divided by 14?
13
Suppose -2*i + 40 = 2. What is the remainder when (-42)/((-1)/(-4) + -1) is divided by i?
18
Suppose -3*n + 5 = -4*n. Let k = 5 - n. What is the remainder when (k/(-15))/(6/(-603)) is divided by 35?
32
Suppose 17 - 41 = -4*h. Suppose h*f = 9*f - 30. Calculate the remainder when 39 is divided by f.
9
Let b(k) = -4*k + 7. Let s(n) = -n - 1. Let p(w) = b(w) - 5*s(w). Let g = -201 + 201. What is the remainder when 21 is divided by p(g)?
9
Suppose 815 = 16*g - 145. What is the remainder when 235 is divided by g?
55
Suppose 3*h - 80 = 2*x, -7*h + 4*x + 48 = -5*h. Suppose 0 = 7*j - 2*j - 415. What is the remainder when j is divided by h?
27
Calculate the remainder when 168 is divided by (-10)/4*(-26)/(-65) - -44.
39
Suppose 8*u + 12 = 4. Let z = u - -12. Suppose 0 = 3*y + 3*l - 168, -4*y - 3*l + 63 = -156. What is the remainder when y is divided by z?
7
Let v be 2025/(-90)*(-41 - (0 + 1)). Suppose -3*t = -10*t + v. Calculate the remainder when t is divided by 17.
16
Let m = -270 - -452. Calculate the remainder 